{"id":409,"date":"2019-03-27T14:34:25","date_gmt":"2019-03-27T05:34:25","guid":{"rendered":"http:\/\/vn.tokyo-globe.com\/?page_id=409"},"modified":"2019-04-13T21:09:26","modified_gmt":"2019-04-13T12:09:26","slug":"our-school","status":"publish","type":"page","link":"https:\/\/vn.tokyo-globe.com\/?page_id=409","title":{"rendered":"Gi\u1edbi thi\u1ec7u v\u1ec1 tr\u01b0\u1eddng\uff0f\u5b66\u6821\u7d39\u4ecb"},"content":{"rendered":"\n<h3><strong>\u0110\u1ecba \u0111i\u1ec3m thu\u1eadn l\u1ee3i <\/strong> <\/h3>\n\n\n\n<p>Th\u00e0nh ph\u1ed1 Kawagoe mang\n\u0111\u1eadm d\u1ea5u \u00e2n v\u0103n h\u00f3a, l\u1ecbch s\u1eed c\u1ee7a Nh\u1eadt B\u1ea3n. Trong nhi\u1ec1u th\u1ebf k\u1ec9 tr\u01b0\u1edbc, Kawagoe \u0111\u00e3\nr\u1ea5t n\u1ed5i ti\u1ebfng v\u1edbi ki\u1ebfn tr\u00fac mang \u0111\u1eb7c tr\u01b0ng c\u1ee7a th\u1eddi Edo. Ng\u00e0y nay, b\u1ea3n s\u1eafc \u1ea5y v\u1eabn\n\u0111\u01b0\u1ee3c gi\u1eef v\u00e0 ph\u1ea3n \u00e1nh nguy\u00ean v\u1eb9n qua l\u1ec5 h\u1ed9i Kawagoe. L\u00e0 m\u1ed9t trong nh\u1eefng khu ph\u1ed1\nc\u00f2n gi\u1eef \u0111\u01b0\u1ee3c d\u1ea5u \u1ea5n v\u0103n h\u00f3a Nh\u1eadt B\u1ea3n, Kawagoe thu h\u00fat r\u1ea5t nhi\u1ec1u kh\u00e1ch du l\u1ecbch n\u1ed9i\n\u0111\u1ecba v\u00e0 qu\u1ed1c t\u1ebf. N\u1ebfu c\u00f3 v\u1ed1n ti\u1ebfng Nh\u1eadt t\u1ed1t v\u00e0 giao ti\u1ebfp l\u01b0u lo\u00e1t, c\u00e1c b\u1ea1n s\u1ebd c\u00f3\nth\u1ec3 th\u01b0\u1edfng th\u1ee9c tr\u1ecdn v\u1eb9n v\u1ebb \u0111\u1eb9p v\u0103n h\u00f3a Nh\u1eadt B\u1ea3n khi tham quan khu v\u1ef1c n\u00e0y. Vi\u1ec7c\nm\u1ed9t tr\u01b0\u1eddng m\u1edbi nh\u01b0 ch\u00fang t\u00f4i c\u00f3 th\u1ec3 t\u1ecda l\u1ea1c t\u1ea1i \u0111\u00e2y l\u00e0 m\u1ed9t ni\u1ec1m vinh h\u1ea1nh l\u1edbn.<\/p>\n\n\n\n<h3><strong>Khu v\u1ef1c mang \u0111\u1eadm b\u1ea3n s\u1eafc v\u0103n h\u00f3a<\/strong><\/h3>\n\n\n\n<p>Tr\u01b0\u1eddng ch\u00fang t\u00f4i t\u1ecda l\u1ea1c t\u1ea1i Shingashi, thu\u1ed9c th\u00e0nh ph\u1ed1 Kawagoe, t\u1ec9nh Saitama, c\u00e1ch ga Shingashi (theo tuy\u1ebfn t\u00e0u Tobu-Toju) 2 ph\u00fat \u0111i b\u1ed9. Tr\u01b0\u1eddng n\u1eb1m \u1edf m\u1ed9t khu v\u1ef1c sung t\u00fac, \u0111\u00f4ng d\u00e2n c\u01b0, ch\u1ec9 c\u00e1ch ga Kawagoe v\u00e0 trung t\u00e2m th\u00e0nh ph\u1ed1 Kawagoe m\u1ed9t ga t\u00e0u, v\u00e0 ch\u1ec9 c\u00e1ch khu v\u1ef1c Ikebukuro s\u1ea7m u\u1ea5t ch\u01b0a \u0111\u1ea7y 30 ph\u00fat \u0111i t\u00e0u. Trong nh\u1eefng n\u0103m g\u1ea7n \u0111\u00e2y, h\u1ec7 th\u1ed1ng giao th\u00f4ng xung quanh khu v\u1ef1c Shingashi \u0111\u00e3 v\u00e0 \u0111ang \u0111\u01b0\u1ee3c n\u00e2ng c\u1ea5p \u0111\u00e1ng k\u1ec3, v\u00e0 s\u1ebd ti\u1ebfp t\u1ee5c&nbsp; trong t\u01b0\u01a1ng lai. <\/p>\n\n\n\n<h3><strong>Nhi\u1ec1u \u0111\u1ecba \u0111i\u1ec3m theo h\u1ecdc<\/strong><\/h3>\n\n\n\n<p>M\u1ee5c \u0111\u00edch ban \u0111\u1ea7u c\u1ee7a\ntr\u01b0\u1eddng ch\u00fang t\u00f4i ch\u1ec9 \u0111\u01a1n gi\u1ea3n l\u00e0 \u0111\u00e0o t\u1ea1o ti\u1ebfng Nh\u1eadt cho h\u1ecdc vi\u00ean v\u00e0 h\u1ed7 tr\u1ee3 c\u00e1c\nb\u1ea1n theo h\u1ecdc ti\u1ebfp t\u1ea1i c\u00e1c \u0111\u1ea1i h\u1ecdc hay tr\u01b0\u1eddng \u0111\u00e0o t\u1ea1o ngh\u1ec1 t\u1ea1i Nh\u1eadt. Tuy nhi\u00ean v\u1edbi\nt\u1ed1c \u0111\u1ed9 to\u00e0n c\u1ea7u h\u00f3a hi\u1ec7n nay, ch\u00fang t\u00f4i nh\u1eadn th\u1ea5y vi\u1ec7c \u0111\u00e0o t\u1ea1o v\u1ec1 ng\u00f4n ng\u1eef\nkh\u00f4ng \u0111\u1ee7 \u0111\u1ec3 gi\u00fap h\u1ecdc vi\u00ean tr\u1edf th\u00e0nh c\u00f4ng d\u00e2n to\u00e0n c\u1ea7u. \u0110\u1ec3 c\u00f3 th\u1ec3 h\u00f2a nh\u1eadp t\u1ed1t\nnh\u1ea5t trong m\u00f4i tr\u01b0\u1eddng qu\u1ed1c t\u1ebf hi\u1ec7n nay, h\u1ecdc vi\u00ean c\u1ea7n ph\u1ea3i trang b\u1ecb c\u1ea3 ki\u1ebfn th\u1ee9c\nv\u1ec1 v\u0103n h\u00f3a, l\u1ecbch s\u1eed c\u1ee7a nhi\u1ec1u khu v\u1ef1c kh\u00e1c nhau. V\u00ec v\u1ecb tr\u00ed c\u1ee7a tr\u01b0\u1eddng r\u1ea5t thu\u1eadn\nl\u1ee3i cho vi\u1ec7c di chuy\u1ec3n, c\u00e1c b\u1ea1n c\u00f3 th\u1ec3 v\u1eeba theo h\u1ecdc t\u1ea1i tr\u01b0\u1eddng v\u1eeba tham gia c\u00e1c\nkh\u00f3a h\u1ecdc t\u00ecm hi\u1ec3u v\u0103n h\u00f3a, l\u1ecbch s\u1eed Nh\u1eadt B\u1ea3n t\u1ea1i nh\u1eefng h\u1ecdc vi\u1ec7n kh\u00e1c trong khu v\u1ef1c\nTokyo. Tr\u01b0\u1eddng ch\u00fang t\u00f4i cam k\u1ebft s\u1ebd h\u1ed7 tr\u1ee3 c\u00e1c b\u1ea1n h\u1ebft m\u00ecnh \u0111\u1ed1i v\u1edbi con \u0111\u01b0\u1eddng\nc\u00e1c b\u1ea1n \u0111\u00e3 ch\u1ecdn.<\/p>\n","protected":false},"excerpt":{"rendered":"<p>\u0110\u1ecba \u0111i\u1ec3m thu\u1eadn l\u1ee3i T &hellip; <\/p>\n","protected":false},"author":3,"featured_media":0,"parent":0,"menu_order":0,"comment_status":"closed","ping_status":"closed","template":"","meta":[],"_links":{"self":[{"href":"https:\/\/vn.tokyo-globe.com\/index.php?rest_route=\/wp\/v2\/pages\/409"}],"collection":[{"href":"https:\/\/vn.tokyo-globe.com\/index.php?rest_route=\/wp\/v2\/pages"}],"about":[{"href":"https:\/\/vn.tokyo-globe.com\/index.php?rest_route=\/wp\/v2\/types\/page"}],"author":[{"embeddable":true,"href":"https:\/\/vn.tokyo-globe.com\/index.php?rest_route=\/wp\/v2\/users\/3"}],"replies":[{"embeddable":true,"href":"https:\/\/vn.tokyo-globe.com\/index.php?rest_route=%2Fwp%2Fv2%2Fcomments&post=409"}],"version-history":[{"count":3,"href":"https:\/\/vn.tokyo-globe.com\/index.php?rest_route=\/wp\/v2\/pages\/409\/revisions"}],"predecessor-version":[{"id":486,"href":"https:\/\/vn.tokyo-globe.com\/index.php?rest_route=\/wp\/v2\/pages\/409\/revisions\/486"}],"wp:attachment":[{"href":"https:\/\/vn.tokyo-globe.com\/index.php?rest_route=%2Fwp%2Fv2%2Fmedia&parent=409"}],"curies":[{"name":"wp","href":"https:\/\/api.w.org\/{rel}","templated":true}]}}